{"id":2926,"date":"2014-06-02T01:09:27","date_gmt":"2014-06-01T22:09:27","guid":{"rendered":"https:\/\/www.alkev.k12.tr\/?page_id=2926"},"modified":"2024-08-20T16:39:26","modified_gmt":"2024-08-20T13:39:26","slug":"unsere-geschichte","status":"publish","type":"page","link":"https:\/\/www.alkev.k12.tr\/de\/uber-uns\/unsere-geschichte\/","title":{"rendered":"Unsere Geschichte"},"content":{"rendered":"<p>Die ALKEV Privatschulen begannen ihre Bildungsreise im Schuljahr 2000-2001 mit einer langen Geschichte und einer dynamischen Struktur. Seitdem ist die Schule mit jedem Schritt st\u00e4rker geworden und bildet weiterhin vorbildliche junge Menschen aus.<\/p>\n<p>Die erste Er\u00f6ffnungsfeier unserer Schule im Jahr 2000 fand mit der Teilnahme von Stiftungsr\u00e4ten, Eltern und insgesamt 57 Sch\u00fcler*innen in den Kindergarten- sowie in den Grundschulklassen 1 und 2 statt.<\/p>\n<p>Im Jahr 2004 wurde die Sporthalle gebaut. Diese Sporthalle, mit einer Fl\u00e4che von 1.135 Quadratmetern und 806 Sitzpl\u00e4tzen, ist Schauplatz von Sportveranstaltungen. Unser Gr\u00fcnder Dr. M. Cengiz Sezen und diverse Sponsoren haben einen gro\u00dfen Beitrag zur Umsetzung dieses wichtigen Projekts geleistet.<\/p>\n<p>Parallel zu unserer Bildungsqualit\u00e4t hat sich auch unsere Kapazit\u00e4t jedes Jahr erh\u00f6ht. Im Jahr 2007 wurde durch die Hinzuf\u00fcgung eines Geb\u00e4udes die Klassenkapazit\u00e4t erh\u00f6ht; im Schuljahr 2010-2011 wurde der Kindergarten mit einem naturorientierten Ansatz erneuert und im Schuljahr 2016-2017 wurde ein Deutsch-intensives Bildungsprogramm eingef\u00fchrt, wobei der Unterricht mit muttersprachlichen Grundschullehrer*innen den ganzen Tag \u00fcber neu organisiert wurde.<\/p>\n<p>Im Jahr 2011 wurde der Z. Mercan I\u015f\u0131l Konferenzsaal auf Initiative unserer Ehrenmitglieder, Frau Mertem und Herrn Mesut I\u015f\u0131l, errichtet. Der moderne Konferenzsaal ist Schauplatz von kulturellen Veranstaltungen und Versammlungen unserer Schule und bietet unseren Sch\u00fcler*innen die M\u00f6glichkeit, sich in einem gro\u00dfen Raum auszutauschen.<\/p>\n<p>Im Schuljahr 2012-2013 wurde das Grundschul- und Mittelschulgeb\u00e4ude gebaut, um den Klassenraumbedarf zu decken und die Bildungsaktivit\u00e4ten zu st\u00e4rken. Somit k\u00f6nnen wir unseren Sch\u00fcler*innen eine komfortablere und effizientere Lernumgebung bieten.<\/p>\n<p>Im Jahr 2013 begann mit der Er\u00f6ffnung des Gymnasiums zum ersten Mal die Bildungsaktivit\u00e4t auf Gymnasialebene an unserer Schule. Dadurch wurde unser Angebot an M\u00f6glichkeiten zur Unterst\u00fctzung der akademischen und pers\u00f6nlichen Entwicklung der Sch\u00fcler*innen erweitert.<\/p>\n<p>Das Jahr 2013 war f\u00fcr unsere Schule ein Meilenstein in Bezug auf die Bedeutung von Wissenschaft und Technologie. Die naturwissenschaftlichen und iMac-Labore wurden modernisiert, um unseren Sch\u00fcler*innen eine moderne Ausbildung zu bieten. Heute hat die Stiftung mit der Einrichtung eines neuen iMac-Labors und der Er\u00f6ffnung von Physik-, Chemie- und Biologielaboren zu Ehren des verstorbenen Herrn Selim Demiren durch Spenden seiner Familie einen wichtigen Schritt in Richtung Wissenschaft unternommen.<\/p>\n<p>Die Bedeutung von Kunst und Sport im Bildungswesen war immer im Mittelpunkt unserer Schule.<\/p>\n<p>2015 wurden Musik-, Theater-, Keramik-, Maker-, Holz- und Bildende Kunstr\u00e4ume er\u00f6ffnet und der Speisesaals wuchs auf 853 m\u00b2. Im selben Jahr wurde durch den Anbau des Gymnasiums die Klassenkapazit\u00e4t erh\u00f6ht.<\/p>\n<p>Als eine Einrichtung, die internationale Standards im Bildungswesen anstrebt, erhielt ALKEV im Schuljahr 2015-2016 den Status einer Deutschen Sprachdiplomschule (DSD).<\/p>\n<p>Im Schuljahr 2017-2018 wurde das Gymnasium, mit dem Schwerpunkt Naturwissenschaften, durch die Er\u00f6ffnung der ersten und einzigen naturwissenschaftlichen Gymnasialvorbereitungsklasse in der T\u00fcrkei erg\u00e4nzt, die ausschlie\u00dflich auf Deutsch unterrichtet wird.<\/p>\n<p>Im Jahr 2018 hat das Gymnasium erfolgreich einen zweij\u00e4hrigen Akkreditierungsprozess abgeschlossen und den international anerkannten Status einer IB International Baccalaureate World School erworben. Dieser prestigetr\u00e4chtige Status war ein Meilenstein in Bezug auf die F\u00e4higkeit unserer Schule, Bildung auf internationalem Standard anzubieten und den Sch\u00fclern eine breite Perspektive zu bieten.<\/p>\n<p>Im Jahr 2019 wurden durch den Anbau von zus\u00e4tzlichen Klassenzimmern im Kindergarten die Anzahl der Klassenr\u00e4ume auf neun erh\u00f6ht, und gleichzeitig wurden vier verschiedene Spielpl\u00e4tze f\u00fcr unsere Kinder geschaffen, um ihnen mehr M\u00f6glichkeiten zum Erkunden und Spielen im Freien zu bieten.<\/p>\n<p>Im Jahr 2021 wurden etwa 5.000 Quadratmeter gro\u00dfe, zus\u00e4tzliche Geb\u00e4ude f\u00fcr das Gymnasium (C Block) und ein weiteres Geb\u00e4ude f\u00fcr die Mittelschule zu unseren bestehenden Geb\u00e4uden hinzugef\u00fcgt. Das neue Geb\u00e4ude des Gymnasiums wurde sorgf\u00e4ltig gestaltet, um eine breite Palette an Bildungsm\u00f6glichkeiten zu bieten: Von Robotik- und Technikwerkst\u00e4tten bis hin zu Cafeteria, PC-Laboren und naturwissenschaftlichen Laboren.<\/p>\n<p>Dieses moderne Geb\u00e4ude tr\u00e4gt erheblich dazu bei, dass unsere Sch\u00fcler*innen durch die Entwicklung ihrer Technologief\u00e4higkeiten und die Teilnahme an wissenschaftlichen Forschungen gut auf die Zukunft vorbereitet sind.<\/p>\n<p>Im Jahr 2023 wurde eine zweite Sporthalle hinzugef\u00fcgt, um die Sportaktivit\u00e4ten weiter zu bereichern.<\/p>\n<p>In diesem Prozess des Wandels und der Entwicklung werden wir weiterhin daran arbeiten, die Qualit\u00e4t der Ausbildung unserer Sch\u00fcler*innen noch weiter zu verbessern um ihnen noch bessere M\u00f6glichkeiten bieten zu k\u00f6nnen.<\/p>\n","protected":false},"excerpt":{"rendered":"<p>Die ALKEV Privatschulen begannen ihre Bildungsreise im Schuljahr 2000-2001 mit einer langen Geschichte und einer dynamischen Struktur. Seitdem ist die Schule mit jedem Schritt st\u00e4rker geworden und bildet weiterhin vorbildliche junge Menschen aus. Die erste Er\u00f6ffnungsfeier unserer Schule im Jahr 2000 fand mit der Teilnahme von Stiftungsr\u00e4ten, Eltern und insgesamt 57 Sch\u00fcler*innen in den Kindergarten- [&hellip;]<\/p>\n","protected":false},"author":2,"featured_media":45853,"parent":2940,"menu_order":68,"comment_status":"closed","ping_status":"closed","template":"","meta":{"_acf_changed":false,"footnotes":"","_links_to":"","_links_to_target":""},"class_list":["post-2926","page","type-page","status-publish","has-post-thumbnail","hentry"],"acf":[],"_links":{"self":[{"href":"https:\/\/www.alkev.k12.tr\/de\/wp-json\/wp\/v2\/pages\/2926","targetHints":{"allow":["GET"]}}],"collection":[{"href":"https:\/\/www.alkev.k12.tr\/de\/wp-json\/wp\/v2\/pages"}],"about":[{"href":"https:\/\/www.alkev.k12.tr\/de\/wp-json\/wp\/v2\/types\/page"}],"author":[{"embeddable":true,"href":"https:\/\/www.alkev.k12.tr\/de\/wp-json\/wp\/v2\/users\/2"}],"replies":[{"embeddable":true,"href":"https:\/\/www.alkev.k12.tr\/de\/wp-json\/wp\/v2\/comments?post=2926"}],"version-history":[{"count":0,"href":"https:\/\/www.alkev.k12.tr\/de\/wp-json\/wp\/v2\/pages\/2926\/revisions"}],"up":[{"embeddable":true,"href":"https:\/\/www.alkev.k12.tr\/de\/wp-json\/wp\/v2\/pages\/2940"}],"wp:featuredmedia":[{"embeddable":true,"href":"https:\/\/www.alkev.k12.tr\/de\/wp-json\/wp\/v2\/media\/45853"}],"wp:attachment":[{"href":"https:\/\/www.alkev.k12.tr\/de\/wp-json\/wp\/v2\/media?parent=2926"}],"curies":[{"name":"wp","href":"https:\/\/api.w.org\/{rel}","templated":true}]}}

<p>Die ALKEV Privatschulen begannen ihre Bildungsreise im Schuljahr 2000-2001 mit einer langen Geschichte und einer dynamischen Struktur. Seitdem ist die Schule mit jedem Schritt stärker geworden und bildet weiterhin vorbildliche junge Menschen aus.</p>
<p>Die erste Eröffnungsfeier unserer Schule im Jahr 2000 fand mit der Teilnahme von Stiftungsräten, Eltern und insgesamt 57 Schüler*innen in den Kindergarten- sowie in den Grundschulklassen 1 und 2 statt.</p>
<p>Im Jahr 2004 wurde die Sporthalle gebaut. Diese Sporthalle, mit einer Fläche von 1.135 Quadratmetern und 806 Sitzplätzen, ist Schauplatz von Sportveranstaltungen. Unser Gründer Dr. M. Cengiz Sezen und diverse Sponsoren haben einen großen Beitrag zur Umsetzung dieses wichtigen Projekts geleistet.</p>
<p>Parallel zu unserer Bildungsqualität hat sich auch unsere Kapazität jedes Jahr erhöht. Im Jahr 2007 wurde durch die Hinzufügung eines Gebäudes die Klassenkapazität erhöht; im Schuljahr 2010-2011 wurde der Kindergarten mit einem naturorientierten Ansatz erneuert und im Schuljahr 2016-2017 wurde ein Deutsch-intensives Bildungsprogramm eingeführt, wobei der Unterricht mit muttersprachlichen Grundschullehrer*innen den ganzen Tag über neu organisiert wurde.</p>
<p>Im Jahr 2011 wurde der Z. Mercan Işıl Konferenzsaal auf Initiative unserer Ehrenmitglieder, Frau Mertem und Herrn Mesut Işıl, errichtet. Der moderne Konferenzsaal ist Schauplatz von kulturellen Veranstaltungen und Versammlungen unserer Schule und bietet unseren Schüler*innen die Möglichkeit, sich in einem großen Raum auszutauschen.</p>
<p>Im Schuljahr 2012-2013 wurde das Grundschul- und Mittelschulgebäude gebaut, um den Klassenraumbedarf zu decken und die Bildungsaktivitäten zu stärken. Somit können wir unseren Schüler*innen eine komfortablere und effizientere Lernumgebung bieten.</p>
<p>Im Jahr 2013 begann mit der Eröffnung des Gymnasiums zum ersten Mal die Bildungsaktivität auf Gymnasialebene an unserer Schule. Dadurch wurde unser Angebot an Möglichkeiten zur Unterstützung der akademischen und persönlichen Entwicklung der Schüler*innen erweitert.</p>
<p>Das Jahr 2013 war für unsere Schule ein Meilenstein in Bezug auf die Bedeutung von Wissenschaft und Technologie. Die naturwissenschaftlichen und iMac-Labore wurden modernisiert, um unseren Schüler*innen eine moderne Ausbildung zu bieten. Heute hat die Stiftung mit der Einrichtung eines neuen iMac-Labors und der Eröffnung von Physik-, Chemie- und Biologielaboren zu Ehren des verstorbenen Herrn Selim Demiren durch Spenden seiner Familie einen wichtigen Schritt in Richtung Wissenschaft unternommen.</p>
<p>Die Bedeutung von Kunst und Sport im Bildungswesen war immer im Mittelpunkt unserer Schule.</p>
<p>2015 wurden Musik-, Theater-, Keramik-, Maker-, Holz- und Bildende Kunsträume eröffnet und der Speisesaals wuchs auf 853 m². Im selben Jahr wurde durch den Anbau des Gymnasiums die Klassenkapazität erhöht.</p>
<p>Als eine Einrichtung, die internationale Standards im Bildungswesen anstrebt, erhielt ALKEV im Schuljahr 2015-2016 den Status einer Deutschen Sprachdiplomschule (DSD).</p>
<p>Im Schuljahr 2017-2018 wurde das Gymnasium, mit dem Schwerpunkt Naturwissenschaften, durch die Eröffnung der ersten und einzigen naturwissenschaftlichen Gymnasialvorbereitungsklasse in der Türkei ergänzt, die ausschließlich auf Deutsch unterrichtet wird.</p>
<p>Im Jahr 2018 hat das Gymnasium erfolgreich einen zweijährigen Akkreditierungsprozess abgeschlossen und den international anerkannten Status einer IB International Baccalaureate World School erworben. Dieser prestigeträchtige Status war ein Meilenstein in Bezug auf die Fähigkeit unserer Schule, Bildung auf internationalem Standard anzubieten und den Schülern eine breite Perspektive zu bieten.</p>
<p>Im Jahr 2019 wurden durch den Anbau von zusätzlichen Klassenzimmern im Kindergarten die Anzahl der Klassenräume auf neun erhöht, und gleichzeitig wurden vier verschiedene Spielplätze für unsere Kinder geschaffen, um ihnen mehr Möglichkeiten zum Erkunden und Spielen im Freien zu bieten.</p>
<p>Im Jahr 2021 wurden etwa 5.000 Quadratmeter große, zusätzliche Gebäude für das Gymnasium (C Block) und ein weiteres Gebäude für die Mittelschule zu unseren bestehenden Gebäuden hinzugefügt. Das neue Gebäude des Gymnasiums wurde sorgfältig gestaltet, um eine breite Palette an Bildungsmöglichkeiten zu bieten: Von Robotik- und Technikwerkstätten bis hin zu Cafeteria, PC-Laboren und naturwissenschaftlichen Laboren.</p>
<p>Dieses moderne Gebäude trägt erheblich dazu bei, dass unsere Schüler*innen durch die Entwicklung ihrer Technologiefähigkeiten und die Teilnahme an wissenschaftlichen Forschungen gut auf die Zukunft vorbereitet sind.</p>
<p>Im Jahr 2023 wurde eine zweite Sporthalle hinzugefügt, um die Sportaktivitäten weiter zu bereichern.</p>
<p>In diesem Prozess des Wandels und der Entwicklung werden wir weiterhin daran arbeiten, die Qualität der Ausbildung unserer Schüler*innen noch weiter zu verbessern um ihnen noch bessere Möglichkeiten bieten zu können.</p>

<p>Die ALKEV Privatschulen begannen ihre Bildungsreise im Schuljahr 2000-2001 mit einer langen Geschichte und einer dynamischen Struktur. Seitdem ist die Schule mit jedem Schritt stärker geworden und bildet weiterhin vorbildliche junge Menschen aus. Die erste Eröffnungsfeier unserer Schule im Jahr 2000 fand mit der Teilnahme von Stiftungsräten, Eltern und insgesamt 57 Schüler*innen in den Kindergarten- [&hellip;]</p>
